d 14950.
1150
Calculate the highest common divisor of 125 and 160246375.
125
Calculate the highest common divisor of 833910 and 15105.
285
Calculate the greatest common factor of 5940958 and 874.
38
Calculate the greatest common factor of 300 and 20794200.
300
What is the highest common divisor of 128488399 and 9711?
1079
Calculate the greatest common divisor of 6 and 83852.
2
Calculate the greatest common factor of 195387352 and 24.
8
What is the greatest common divisor of 96 and 4113672?
24
What is the highest common divisor of 1411 and 194303?
83
Calculate the highest common factor of 48211 and 166426.
37
What is the highest common divisor of 637 and 20961122?
637
What is the highest common divisor of 14530578 and 508?
254
Calculate the highest common divisor of 1290 and 1786865.
215
Calculate the highest common divisor of 34905 and 865465.
895
What is the highest common divisor of 242423 and 2913957?
1627
Calculate the greatest common factor of 35645329 and 758.
379
What is the greatest common factor of 27911719 and 1771?
253
Calculate the highest common factor of 14179130 and 2470.
190
Calculate the greatest common divisor of 733616 and 1963.
13
What is the highest common divisor of 846 and 93634?
2
What is the highest common divisor of 3991 and 100735296?
307
What is the highest common divisor of 901 and 4629126?
53
Calculate the greatest common factor of 4567164 and 399.
21
Calculate the highest common divisor of 113050 and 125378400.
5950
Calculate the greatest common factor of 568 and 956186536.
568
What is the highest common factor of 624 and 2945748?
156
What is the greatest common factor of 1939353 and 1014?
39
What is the highest common factor of 433250 and 1231000?
250
What is the highest common factor of 24514680 and 8160?
2040
What is the highest common divisor of 156 and 50810784?
12
Calculate the greatest common factor of 13996 and 9975649.
3499
Calculate the greatest common factor of 44650 and 15090275.
475
Calculate the greatest common divisor of 42350 and 108604650.
3850
What is the highest common divisor of 34935 and 3253065?
2055
What is the highest common factor of 31124458 and 334?
334
What is the highest common divisor of 242678 and 717668?
142
What is the highest common factor of 522408 and 1752?
24
Calculate the highest common factor of 2541 and 12222.
21
What is the highest common divisor of 2069610 and 233930?
1490
What is the highest common divisor of 1512 and 6602688?
216
What is the highest common factor of 11934 and 2057562?
702
Calculate the greatest common divisor of 1308 and 2134668.
12
What is the greatest common factor of 755832 and 40459916?
11452
Calculate the highest common factor of 26060435 and 5.
5
What is the greatest common divisor of 60150684 and 649?
11
Calculate the highest common divisor of 6401 and 118067.
37
What is the highest common divisor of 159424932 and 12?
12
What is the highest common divisor of 843 and 12768359?
281
What is the highest common divisor of 1995285 and 3705?
285
What is the highest common factor of 21292500 and 34850?
850
Calculate the highest common factor of 23489971 and 3364.
841
Calculate the greatest common factor of 315923364 and 13168.
3292
Calculate the highest common divisor of 88 and 4005656.
8
Calculate the greatest common factor of 11 and 213870338.
11
What is the highest common divisor of 960827 and 33285?
2219
Calculate the highest common factor of 1326 and 188500233.
51
What is the greatest common divisor of 396 and 2727549?
99
Calculate the highest common divisor of 403 and 660145.
31
What is the greatest common divisor of 10995291 and 54?
27
What is the highest common factor of 2226 and 812932974?
2226
Calculate the highest common divisor of 1059932 and 2484.
92
Calculate the highest common factor of 73068 and 107712.
12
What is the greatest common divisor of 16702 and 15244154?
2386
Calculate the highest common factor of 24091211 and 3236.
809
Calculate the highest common factor of 1992023 and 3751.
121
What is the greatest common divisor of 70370 and 195610?
310
What is the highest common factor of 9625804 and 5153?
5153
What is the highest common factor of 1444854 and 306399?
2811
Calculate the greatest common factor of 18008529 and 28380.
1419
What is the greatest common divisor of 347956 and 530663?
301
What is the greatest common factor of 347362164 and 36?
36
Calculate the greatest common divisor of 60 and 113923950.
30
What is the highest common factor of 1815 and 165891726?
363
What is the highest common divisor of 21 and 93471105?
21
Calculate the highest common divisor of 299203252 and 227.
227
What is the highest common divisor of 5553 and 7958066?
617
What is the highest common divisor of 7844044 and 52?
52
Calculate the greatest common factor of 51153 and 42687.
51
What is the greatest common factor of 429031 and 21969041?
4423
What is the greatest common factor of 78075617 and 319086?
5909
What is the highest common factor of 4414 and 275912519?
2207
Calculate the highest common factor of 89048266 and 6511.
383
What is the highest common divisor of 384 and 549246?
6
Calculate the greatest common factor of 5163935 and 735.
35
What is the highest common divisor of 483187 and 202721?
73
What is the highest common factor of 3170178 and 341?
11
Calculate the highest common divisor of 128 and 12962944.
128
Calculate the highest common divisor of 12 and 122226968.
4
What is the highest common factor of 114189096 and 7056?
168
What is the greatest common factor of 48464 and 2069808?
208
Calculate the greatest common divisor of 1354482 and 249.
3
What is the greatest common factor of 744433 and 30667?
337
What is the greatest common factor of 17254 and 649414679?
8627
What is the greatest common divisor of 131825993 and 22828?
5707
Calculate the highest common divisor of 6588 and 23180732.
244
Calculate the greatest common divisor of 464 and 519824.
16
What is the highest common factor of 270 and 5148255?
15
What is the highest common factor of 86887 and 2890136?
4573
Calculate the greatest common factor of 22313 and 122006.
53
Calculate the greatest common divisor of 39192160 and 19600.
3920
Calculate the greatest common divisor of 230 and 14069905.
115
Calculate the greatest common divisor of 174107868 and 1452.
1452
What is the greatest common divisor of 41131860 and 87?
87
Calculate the highest common factor of 497 and 7330834.
7
What is the greatest common divisor of 12960220 and 56?
28
Calculate the greatest common divisor of 429 and 5100249.
33
Calculate the greatest common factor of 1354245 and 1279119.
1977
What is the highest common divisor of 506274399 and 102?
51
What is the greatest common factor of 45 and 58860355?
5
Calculate the highest common divisor of 23 and 510266753.
23
What is the highest common divisor of 13424 and 362768?
16
Calculate the highest common factor of 4182 and 1445373.
123
What is the greatest common divisor of 1350 and 12847050?
450
What is the highest common factor of 156607 and 62942?
11
Calculate the highest common divisor of 93201724 and 8624.
2156
Calculate the highest common factor of 135 and 43490.
5
Calculate the highest common divisor of 24528 and 1249080.
168
What is the greatest common divisor of 500 and 114300250?
250
Calculate the highest common factor of 60699653 and 7.
7
What is the highest common factor of 1713712 and 205744?
1232
Calculate the highest common divisor of 181551150 and 72.
18
Calculate the highest common factor of 12712 and 1604890.
3178
What is the greatest common divisor of 999 and 1991844?
27
What is the highest common factor of 110 and 127259495?
55
What is the greatest common divisor of 266870022 and 4974?
4974
Calculate the greatest common divisor of 70389 and 7426.
79
What is the highest common divisor of 6553806 and 4795?
959
Calculate the greatest common divisor of 281 and 132497401.
281
Calculate the greatest common factor of 31590 and 916578.
234
Calculate the highest common divisor of 1790920 and 2890.
10
Calculate the highest common factor of 3212 and 20618996.
292
What is the highest common divisor of 1537 and 4795228?
53
Calculate the highest common divisor of 24320 and 354730.
190
What is the highest common factor of 69134 and 23647?
13
Calculate the greatest 